when 985167 is divided by 9754.
13
What is the remainder when 1514830 is divided by 40?
30
Calculate the remainder when 114181 is divided by 98.
11
Calculate the remainder when 59547 is divided by 59541.
6
What is the remainder when 310038 is divided by 23?
21
Calculate the remainder when 16899 is divided by 131.
0
Calculate the remainder when 808 is divided by 253.
49
Calculate the remainder when 2583 is divided by 477.
198
Calculate the remainder when 14814 is divided by 156.
150
What is the remainder when 141814 is divided by 225?
64
What is the remainder when 1100255 is divided by 1299?
2
Calculate the remainder when 9494 is divided by 9480.
14
What is the remainder when 830214 is divided by 25?
14
Calculate the remainder when 12618 is divided by 341.
1
Calculate the remainder when 524782 is divided by 8.
6
Calculate the remainder when 54015 is divided by 17984.
63
What is the remainder when 12804 is divided by 1247?
334
Calculate the remainder when 86716 is divided by 377.
6
What is the remainder when 517531 is divided by 258761?
9
Calculate the remainder when 48269 is divided by 439.
418
Calculate the remainder when 3907 is divided by 3850.
57
Calculate the remainder when 14358 is divided by 46.
6
What is the remainder when 48490 is divided by 37?
20
What is the remainder when 2733 is divided by 175?
108
What is the remainder when 25141 is divided by 12356?
429
What is the remainder when 74239 is divided by 256?
255
Calculate the remainder when 71159 is divided by 40.
39
Calculate the remainder when 541408 is divided by 695.
3
Calculate the remainder when 24063 is divided by 35.
18
Calculate the remainder when 18466 is divided by 39.
19
What is the remainder when 2371 is divided by 1175?
21
What is the remainder when 8809 is divided by 8177?
632
Calculate the remainder when 512392 is divided by 282.
280
What is the remainder when 101645 is divided by 49?
19
What is the remainder when 44848 is divided by 216?
136
Calculate the remainder when 2818 is divided by 1140.
538
What is the remainder when 10997 is divided by 250?
247
What is the remainder when 95544 is divided by 15914?
60
What is the remainder when 10368 is divided by 336?
288
Calculate the remainder when 4418 is divided by 1971.
476
Calculate the remainder when 99872 is divided by 1749.
179
What is the remainder when 1049742 is divided by 292?
2
What is the remainder when 7443 is divided by 102?
99
What is the remainder when 2966079 is divided by 713?
712
What is the remainder when 42344 is divided by 31?
29
Calculate the remainder when 32762 is divided by 64.
58
What is the remainder when 21895 is divided by 10940?
15
What is the remainder when 874 is divided by 15?
4
What is the remainder when 1018 is divided by 13?
4
What is the remainder when 141556 is divided by 172?
0
Calculate the remainder when 71 is divided by 40.
31
What is the remainder when 29626 is divided by 122?
102
What is the remainder when 1332 is divided by 52?
32
Calculate the remainder when 186453 is divided by 17.
14
What is the remainder when 4455 is divided by 4270?
185
What is the remainder when 332143 is divided by 305?
303
Calculate the remainder when 31223 is divided by 7.
3
What is the remainder when 587311 is divided by 56?
39
Calculate the remainder when 14643 is divided by 2088.
27
What is the remainder when 620 is divided by 26?
22
What is the remainder when 477876 is divided by 130?
126
What is the remainder when 84909 is divided by 135?
129
What is the remainder when 214074 is divided by 133?
77
Calculate the remainder when 3336 is divided by 1597.
142
Calculate the remainder when 23192 is divided by 11587.
18
Calculate the remainder when 139589 is divided by 8.
5
What is the remainder when 26229 is divided by 2510?
1129
What is the remainder when 1829 is divided by 557?
158
What is the remainder when 2663 is divided by 1190?
283
What is the remainder when 8881 is divided by 1267?
12
What is the remainder when 1603 is divided by 1142?
461
Calculate the remainder when 17735 is divided by 2.
1
Calculate the remainder when 1914587 is divided by 31.
27
Calculate the remainder when 87809 is divided by 757.
754
What is the remainder when 4137 is divided by 164?
37
Calculate the remainder when 10868 is divided by 11.
0
Calculate the remainder when 7849 is divided by 66.
61
What is the remainder when 2213 is divided by 85?
3
Calculate the remainder when 12337 is divided by 882.
871
What is the remainder when 6402 is divided by 58?
22
What is the remainder when 935 is divided by 150?
35
Calculate the remainder when 287081 is divided by 46.
41
Calculate the remainder when 7139077 is divided by 249.
247
Calculate the remainder when 1522 is divided by 674.
174
What is the remainder when 1544 is divided by 86?
82
What is the remainder when 1807 is divided by 206?
159
Calculate the remainder when 3315 is divided by 569.
470
What is the remainder when 284 is divided by 94?
2
Calculate the remainder when 1136 is divided by 205.
111
Calculate the remainder when 44991 is divided by 300.
291
Calculate the remainder when 29511 is divided by 9833.
12
Calculate the remainder when 1864 is divided by 311.
309
What is the remainder when 2643 is divided by 27?
24
Calculate the remainder when 25794 is divided by 31.
2
Calculate the remainder when 216827 is divided by 72275.
2
What is the remainder when 28742 is divided by 1437?
2
Calculate the remainder when 4993 is divided by 2475.
43
Calculate the remainder when 47982 is divided by 23966.
50
What is the remainder when 4418 is divided by 4296?
122
What is the remainder when 193 is divided by 23?
9
What is the remainder when 7064 is divided by 639?
35
Calculate the remainder when 804334 is divided by 402162.
10
What is the remainder when 8529 is divided by 978?
705
What is the remainder when 32315 is divided by 26?
23
What is the remainder when 26972 is divided by 709?
30
What is the remainder when 310055 is divided by 1403?
1395
What is the remainder when 37572 is divided by 1633?
13
What is the remainder when 10013 is divided by 294?
17
Calculate the remainder when 3929 is divided by 1485.
959
What is the remainder when 2171 is divided by 536?
27
What is the remainder when 136645 is divided by 7?
5
Calculate the remainder when 22499 is divided by 17.
8
Calculate the remainder when 187251 is divided by 669.
600
Calculate the remainder when 3354 is divided by 141.
111
Calculate the remainder when 199078 is divided by 126.
124
What is the remainder when 6988 is divided by 19?
15
What is the remainder when 6867 is divided by 17?
16
Calculate the remainder when 4563 is divided by 2246.
71
What is the remainder when 179 is divided by 53?
20
What is the remainder when 12811 is divided by 178?
173
Calculate the remainder when 141376 is divided by 35326.
72
What is the remainder when 42334 is divided by 282?
34
What is the remainder when 3007 is divided by 1496?
15
What is the remainder when 247247 is divided by 272?
271
What is the remainder when 91474 is divided by 99?
97
What is the remainder when 779264 is divided by 12?
8
Calculate the remainder when 74686 is divided by 70.
66
Calculate the remainder when 848060 is divided by 48.
44
What is the remainder when 38548 is divided by 26?
16
What is the remainder when 1870151 is divided by 1006?
1003
Calculate the remainder when 4704 is divided by 162.
6
What is the remainder when 1202 is divided by 38?
24
Calculate the remainder when 31643 is divided by 76.
27
What is the remainder when 335392 is divided by 139?
124
What is the remainder when 278717 is divided by 5930?
7
Calculate the remainder when 455894 is divided by 7.
5
What is the remainder when 17163 is divided by 5715?
18
Calculate the remainder when 1731 is divided by 398.
139
What is the remainder when 2244 is divided by 241?
75
What is the remainder when 198007 is divided by 2750?
7
Calculate the remainder when 59708 is divided by 9.
2
Calculate the remainder when 380 is divided by 35.
30
What is the remainder when 1215 is divided by 20?
15
Calculate the remainder when 1605 is divided by 794.
17
Calculate the remainder when 84874 is divided by 31.
27
Calculate the remainder when 533517 is divided by 988.
985
Calculate the remainder when 321262 is divided by 46.
